e 16*r - w*r = 0. Suppose q - v = 6*q - 6, -5*q - 3*v - 2 = r. What are the prime factors of q?
2
Let z = 4399 + 4738. What are the prime factors of z?
9137
Let z be (-12)/(-2) + (-5 + 4 - 0). Suppose 11*v = v + 30. Suppose -z*m = -v*b + 728, 3*m + 487 = b + b. What are the prime factors of b?
251
Let d(p) = p**3 - 55*p**2 - 5*p + 173. List the prime factors of d(57).
2, 31, 103
Suppose 7*p = 4*z + 18401, 5*p - 13163 = -0*p - 2*z. List the prime factors of p.
3, 877
Let k = -6 + -6. Let t be (2 + -4)/(k/(-24)). What are the prime factors of (t - 0)*(-6)/4?
2, 3
List the prime factors of 26955 + -1 + (2 + -3)*8.
2, 3, 499
Let m(f) = -f**2 - 16*f. Let j(t) = t**2 + 15*t. Let y(a) = 5*j(a) + 4*m(a). Let o be y(-17). Let i = o - 66. What are the prime factors of i?
2, 3
Suppose -1003*d + 1032*d - 166286 = 0. List the prime factors of d.
2, 47, 61
Let j(s) = 9*s + 190. Let y be j(-13). Suppose -y*q + 76*q = 714. List the prime factors of q.
2, 7, 17
Let c = -162 + 89. Let p = -29 - c. Suppose -6*i + 4*i + p = 0. List the prime factors of i.
2, 11
Let j = 81842 - 17618. What are the prime factors of j?
2, 3, 223
Let d(f) = -f**2 + 2*f + 2. Let s be d(0). Let q be (-8 + 3)/(-5)*(-70)/s. Let y = 82 + q. List the prime factors of y.
47
Let t(f) = -f + 10. Let o be t(14). Let u be 2/5 + (o/10)/1. Suppose 3 = -i, -5*s - 2*i = -u*i - 329. What are the prime factors of s?
67
Let p be (-184 - 17)/((-9)/(3 + 0)). Let a = 250 - p. List the prime factors of a.
3, 61
Let b = 25 + 1307. Suppose 5*w - b = -4*o, -3*o - 4*w = w - 999. What are the prime factors of o?
3, 37
Let r(m) = 80*m - 2. Suppose 15 = -2*i + 5*z, -i + 4*z = 16 - 1. Suppose i = -2*l + 7. List the prime factors of r(l).
2, 3, 13
Let q = 300 - -931. What are the prime factors of q?
1231
Let b = 11060 - 4157. List the prime factors of b.
3, 13, 59
Let g(z) = -353*z**2 + 6*z - 10. Let h(v) = -176*v**2 + 3*v - 5. Let t(j) = 2*g(j) - 5*h(j). List the prime factors of t(3).
2, 11, 71
Let s(c) = 1222*c - 1282. What are the prime factors of s(4)?
2, 3, 601
Suppose -5*o + 10788 = 2548. What are the prime factors of o?
2, 103
Let v(q) = q**2 - q - 59. Let z be v(-7). List the prime factors of (z/(-18)*-74)/(4/(-168)).
2, 7, 37
Let s be ((4 - 1) + -3)/(2 - 0). Suppose s = -54*g + 108127 - 23941. What are the prime factors of g?
1559
Let s = 29775 + -21054. List the prime factors of s.
3, 17, 19
Let i be -3 - (380 - (-4 - -7)). Let h = 799 + i. Suppose -3*u + h = -307. What are the prime factors of u?
2, 11
Suppose 0 = 2914*f - 2916*f + 3*l + 84151, 0 = f - l - 42074. What are the prime factors of f?
42071
List the prime factors of (-6 + 9 - (-2 - -7)) + 9980.
2, 3, 1663
Suppose 175*u = 3619673 + 1173577. List the prime factors of u.
2, 3, 5, 11, 83
Suppose -v + d + 7 = 0, -1 = 2*d + 7. Let t(q) = -1 + 0 - q**2 + q**v - 2*q + 5. List the prime factors of t(3).
2
Suppose 25*c - 20529 = 93371. What are the prime factors of c?
2, 17, 67
Let c = 168 - 166. Suppose -s + 5*j = -3*s + 553, -5*s + c*j + 1397 = 0. List the prime factors of s.
3, 31
Let r(a) = 2*a**2 - 6*a. Let l be r(2). Let p(n) be the third derivative of -n**5/60 - n**4/2 + 7*n**3/6 - 7*n**2. List the prime factors of p(l).
3, 13
Let v(l) = 248*l - 3. Suppose -5*k = -15, 0*a + 4*k = -3*a + 15. What are the prime factors of v(a)?
5, 7
Let a(j) = 2*j**3 - 158*j**2 + 170*j - 160. List the prime factors of a(80).
2, 5, 41
Suppose 5*r + 2*f - 38 - 117 = 0, 5*r - 170 = f. Let z be -3 + r - (0 - 4). Let u = 19 + z. What are the prime factors of u?
53
Let l = 23378 - 19332. List the prime factors of l.
2, 7, 17
Let n be -7 - -12 - (-2)/(-1). Suppose 14*i + 256 = 4*o + 9*i, -2*o = n*i - 150. List the prime factors of o.
3, 23
Suppose 4*f = -4*f + 18687 + 40505. What are the prime factors of f?
7, 151
Let h(m) = -3797*m - 209. List the prime factors of h(-3).
2, 5591
Let m = 5789 + -2407. List the prime factors of m.
2, 19, 89
Let j be 54 + -2 - (3 - 1). Let a = -44 + j. Suppose -3*g = -a*g + 219. What are the prime factors of g?
73
Suppose -5*z - 124872 = -5*z - 4*z. What are the prime factors of z?
2, 3, 11, 43
Suppose -3*i + 3*k - 5*k = -22, -i + k + 4 = 0. Let h be -14 + i/(-7 - -4). Let u = h + 124. List the prime factors of u.
2, 3
Suppose -25*q + 109 = -141. What are the prime factors of -3 + q - (-9960)/15?
11, 61
Let x(t) = -6*t + 4. Let m be x(0). List the prime factors of m/6 - (-10309)/39.
5, 53
Let n(q) = q**3 - 46*q**2 + 59*q - 90. List the prime factors of n(46).
2, 41
Let w be 6/(4 + (-232)/60). Suppose -4 = 47*f - w*f. List the prime factors of 2 + f + 34 + 1.
5, 7
Let w be (-4)/((-20)/(-15)) - -2. Let z be 2 + 4 + 0 + -3. List the prime factors of ((z - w) + -1)/((-1)/(-42)).
2, 3, 7
Let q(z) = z**3 + 18*z**2 + 17*z - 17. Let s be (-2928)/192 - 2/(-8). What are the prime factors of q(s)?
13, 31
Suppose 12*l - 3065 = -22805. Let y = l + 2653. What are the prime factors of y?
2, 3, 7
Suppose 6 = -3*d - 21. Let c = -5140 + 5020. What are the prime factors of (-27)/(-18)*c/d?
2, 5
Suppose 2475*p - 570764 - 240436 = 2443*p. What are the prime factors of p?
2, 3, 5, 13
List the prime factors of (537138/(-10))/(-7) - ((-85)/(-25) - 3).
7673
Let r be (0 - 1)/(-11 + 21642/1968). Suppose 2*c - r = -104. What are the prime factors of c?
2, 7
Let z be 6 - -7*(-6)/42. Suppose n = -z*b + 2438, 2*b - 4*b + 989 = 5*n. List the prime factors of b.
487
Suppose 0 = 3*o + 15, 7605 = -4*v - 5*o + 25188. What are the prime factors of v?
2, 31, 71
Suppose -23*q - 460 = -4508. Let t = 567 - q. What are the prime factors of t?
17, 23
Let d(q) = q**2 + 20*q - 8. Let t be d(-21). Suppose t - 5 = 2*m. Suppose m*k - 770 = -2*v, 958 = 5*k + 3*v + v. What are the prime factors of k?
2, 97
What are the prime factors of 379 + 48544 + 2*3 + -1?
2, 11, 139
Suppose -2*r + 22 = 5*i, r = -i + 8 - 3. Suppose -1067 = -3*f + 4*u, -305 = 3*f + i*u - 1380. Suppose -x - f = -4*x. What are the prime factors of x?
7, 17
Let w = 454 - 464. What are the prime factors of 5 - ((-228)/w)/((-39)/1040)?
613
What are the prime factors of (-20496)/((-512)/32) - 2*2?
1277
Let m be (1/(-4))/(3/(-9))*416. Suppose 1011 + m = 21*h. List the prime factors of h.
3, 7
Suppose 49*b - 969411 + 274692 = 863089. List the prime factors of b.
2, 1987
Suppose -2*h + 3179 = c, 4*c - 2*h = 7185 + 5571. List the prime factors of c.
3187
Suppose 0 = 5*a + 5*o - 31230, -16*a + 12496 = -14*a + o. List the prime factors of a.
2, 5
Suppose 97*u - 15*u - 759730 = 0. List the prime factors of u.
5, 17, 109
What are the prime factors of 180/(-810)*(2 - 11484)*45/10?
2, 5741
Let r(f) = 167*f + 40. Let c be r(-12). Let i = c + 3093. What are the prime factors of i?
1129
Let v = -12 - -76. Let d = v + -17. Let o = 42 + d. List the prime factors of o.
89
Suppose 2*v = 5079 + 4469. What are the prime factors of v?
2, 7, 11, 31
Let d(w) = w**3 - 11*w**2 + w - 23. Let y be d(11). Let b(o) = -3*o - 24. What are the prime factors of b(y)?
2, 3
Let o = 45647 + -14391. List the prime factors of o.
2, 3907
Suppose 0 = -4*n - 2*u + 29828, 8*n = 11*n + 4*u - 22371. What are the prime factors of n?
7457
Suppose 5127 + 7053 = 5*n. Suppose 2 = 2*q, 3*l + 2*q - n = -q. What are the prime factors of l?
811
Let n(f) = f**2 + 17*f - 4. Let c be n(-17). Let u(t) = -3*t**2 - 19*t + 5. What are the prime factors of u(c)?
3, 11
Suppose -3*v + 40 = 5*v. Suppose -91 = v*m - 6*m. Let w = m - 5. List the prime factors of w.
2, 43
Let a(z) = -z**2 - 6*z - 5. Let f be (-10)/(-25) + 64/(-10). Let u be a(f). List the prime factors of 88/((-10)/u - 1).
2, 11
Let r(k) = 5*k**2 - 431*k - 789. Let c be r(88). Let i be (-1136)/(-6) - (-2)/3. Suppose 5*t = -2*h + i, 4*h - t - 408 = c*t. List the prime factors of h.
2, 5
Let a(l) be the second derivative of -57*l**5/5 - l**4/12 + l**3/6 + l**2 - 4*l + 25. What are the prime factors of a(-1)?
2, 3, 19
Let g(t) = 93*t - 1183. What are the prime factors of g(105)?
2, 7, 613
Let f(u) = -8*u**3 + 4*u**2 - 12*u + 26. Let h be f(6). Let k = h + 2750. List the prime factors of k.
2, 5, 7
Let d(s) = -s**3 - 2*s**2 + s - 2. Suppose -3*b - 3*i = 8 + 70, 0 = 3*b - 3*i + 96. Let u = b - -24. What are the prime factors of d(u)?
2, 17
Let y = 17 - 17. Suppose 8*g - 24 = -y. Let v = 27 - g. List the prime factors of v.